{"id":9,"date":"2018-08-06T19:57:47","date_gmt":"2018-08-06T17:57:47","guid":{"rendered":"http:\/\/meer-menschlichkeit.stadt-media.de\/?page_id=9"},"modified":"2018-09-19T15:20:52","modified_gmt":"2018-09-19T13:20:52","slug":"ueber-mich","status":"publish","type":"page","link":"https:\/\/meer-menschlichkeit.stadt-media.de\/?page_id=9","title":{"rendered":"\u00dcber uns"},"content":{"rendered":"<h2>Die Idee<\/h2>\n<p>Die Idee hatte im Juli 2018\u00a0 der parteilose Vareler Ratsherr <strong>Alexander Westerman<\/strong>.<\/p>\n<p>Gemeinsam mit dem selbstst\u00e4ndigen Elektromeister <strong>Olaf Harjes<\/strong> aus Jever und dem Journalisten und Begr\u00fcnder einer Medienwerkstatt in Wilhelmshaven, <strong>Ulf Berner<\/strong>, gr\u00fcndete Westerman die Initiative &#8218;Meer Menschlichkeit&#8216;.<\/p>\n<h2>Die Aktion \u201aMeer Menschlichkeit\u2018<\/h2>\n<p>Seit langem berichten die Medien \u00fcber das vielfache Sterben von Fl\u00fcchtlingen im Mittelmeer. Menschen fliehen vor Krieg, Verfolgung, Vertreibung und Hunger und sehen ihren einzigen Ausweg in der gef\u00e4hrlichen Flucht \u00fcber das Mittelmeer. In v\u00f6llig ungeeigneten und oft \u00fcberf\u00fcllten Booten, treten die Menschen ihre Flucht an. Sehr h\u00e4ufig haben sie daf\u00fcr ihr letztes Geld an organisierte Schlepperbanden gegeben, die sie bewusst in die seeunt\u00fcchtigen Boote setzen.<\/p>\n<p>Ungeachtet, wie Europa die Fl\u00fcchtlingsfrage politisch l\u00f6sen will, darf es nicht sein, dass man Menschen durch Unterlassung oder aktiv ertrinken l\u00e4sst.<\/p>\n<p>Gerade wir Menschen von der K\u00fcste haben einen besonderen Bezug zum Meer und Seenotrettung geh\u00f6rt zu unserer DNA.<\/p>\n<p>Mit einer m\u00f6glichst langen Menschenkette am Deich und begleitenden Aktionen, m\u00f6chten wir auf die unertr\u00e4gliche Situation der Gefl\u00fcchteten im Mittelmeer aufmerksam machen und Druck auf die Bundesregierung und die EU aus\u00fcben, eine humane L\u00f6sung zu schaffen und durchzusetzen.<\/p>\n<h2>Rettung aus Seenot ist Menschenpflicht<\/h2>\n<h3>Niemand darf sich aus der Verantwortung stehlen<\/h3>\n<p>In der UN Resolution SOLAS (International Convention for the Safety of Life at Sea) von 1974 haben sich die unterzeichnenden Nationen zu der Verpflichtung, Menschen aus Seenot zu retten, bekannt.<\/p>\n<p>Zu den Unterzeichnern geh\u00f6ren auch Deutschland, Mittelmeeranrainerstaaten und die Europ\u00e4ische Union.<br \/>\nWeitere Informationen<\/p>\n<p><a href=\"https:\/\/meer-menschlichkeit.stadt-media.de\/wp-content\/uploads\/2018\/08\/wd-2-053-17-pdf-data.pdf\" target=\"_blank\" rel=\"noopener\">Der Wisschschaftliche Dienst (WD) des Deutschen Bundestages zur &#8218;v\u00f6lkerrechtlichen Pflicht zur Seenotrettung&#8216;<\/a><\/p>\n<p><a href=\"http:\/\/www.imo.org\/en\/About\/conventions\/listofconventions\/pages\/international-convention-for-the-safety-of-life-at-sea-(solas),-1974.aspx\" target=\"_blank\" rel=\"noopener\">SOLAS Originaltext auf der Seite der IMO (International Maritime OIrganization)<\/a><\/p>\n<h2>Warum hei\u00dft es bei Euch nicht &#8222;Seebr\u00fccke&#8220;?<\/h2>\n<h3>Unsere Veranstaltung ist bei der Organisation Seebr\u00fccke gelistet.<\/h3>\n<p><a href=\"https:\/\/meer-menschlichkeit.stadt-media.de\/wp-content\/uploads\/2018\/08\/seebruecke-logo.jpg\"><img decoding=\"async\" loading=\"lazy\" class=\"alignleft wp-image-91 size-thumbnail\" src=\"https:\/\/meer-menschlichkeit.stadt-media.de\/wp-content\/uploads\/2018\/08\/seebruecke-logo-150x150.jpg\" alt=\"Seebr\u00fccke Logo\" width=\"150\" height=\"150\" srcset=\"https:\/\/meer-menschlichkeit.stadt-media.de\/wp-content\/uploads\/2018\/08\/seebruecke-logo-150x150.jpg 150w, https:\/\/meer-menschlichkeit.stadt-media.de\/wp-content\/uploads\/2018\/08\/seebruecke-logo-100x100.jpg 100w, https:\/\/meer-menschlichkeit.stadt-media.de\/wp-content\/uploads\/2018\/08\/seebruecke-logo.jpg 225w\" sizes=\"(max-width: 150px) 100vw, 150px\" \/><\/a>Wenngleich wir Organisatoren die Seebr\u00fccke unterst\u00fctzen, sind wir mit unserer Initiative &#8218;Meer Menschlichkeit&#8216; bewusst hinter den Forderungen der Seebr\u00fccke zur\u00fcck geblieben.<br \/>\nWir sind der Meinung, dass der wichtigste und breiteste Konsens in dieser Diskussion den Menschenrechten und dem Erhalt von Leben gelten muss.<br \/>\n\u00dcber alle Fragen die sich mit den Fluchtursachen, der Migrations- und der Asylpolitik befassen, k\u00f6nnen, m\u00fcssen und werden wir an anderer Stelle, sicher auch kontrovers, diskutieren und unseren Teil zur L\u00f6sungsfindung beitragen.<\/p>\n<p><strong>Jetzt, auch zu dieser Minute, geht es um Menschenleben und dar\u00fcber diskutieren wir nicht!<\/strong><\/p>\n","protected":false},"excerpt":{"rendered":"<p>Die Idee Die Idee hatte im Juli 2018\u00a0 der parteilose Vareler Ratsherr Alexander Westerman. Gemeinsam mit dem selbstst\u00e4ndigen Elektromeister Olaf Harjes aus Jever und dem Journalisten und Begr\u00fcnder einer Medienwerkstatt in Wilhelmshaven, Ulf Berner, gr\u00fcndete Westerman die Initiative &#8218;Meer Menschlichkeit&#8216;. Die Aktion \u201aMeer Menschlichkeit\u2018 Seit langem berichten die Medien \u00fcber das vielfache Sterben von Fl\u00fcchtlingen &#8230; <\/p>\n<p class=\"read-more-container\"><a title=\"\u00dcber uns\" class=\"read-more button\" href=\"https:\/\/meer-menschlichkeit.stadt-media.de\/?page_id=9#more-9\" aria-label=\"Mehr zu \u00dcber uns\">Zum ganzen Artikel<\/a><\/p>\n","protected":false},"author":1,"featured_media":53,"parent":0,"menu_order":0,"comment_status":"closed","ping_status":"closed","template":"","meta":{"generate_page_header":""},"_links":{"self":[{"href":"https:\/\/meer-menschlichkeit.stadt-media.de\/index.php?rest_route=\/wp\/v2\/pages\/9"}],"collection":[{"href":"https:\/\/meer-menschlichkeit.stadt-media.de\/index.php?rest_route=\/wp\/v2\/pages"}],"about":[{"href":"https:\/\/meer-menschlichkeit.stadt-media.de\/index.php?rest_route=\/wp\/v2\/types\/page"}],"author":[{"embeddable":true,"href":"https:\/\/meer-menschlichkeit.stadt-media.de\/index.php?rest_route=\/wp\/v2\/users\/1"}],"replies":[{"embeddable":true,"href":"https:\/\/meer-menschlichkeit.stadt-media.de\/index.php?rest_route=%2Fwp%2Fv2%2Fcomments&post=9"}],"version-history":[{"count":116,"href":"https:\/\/meer-menschlichkeit.stadt-media.de\/index.php?rest_route=\/wp\/v2\/pages\/9\/revisions"}],"predecessor-version":[{"id":362,"href":"https:\/\/meer-menschlichkeit.stadt-media.de\/index.php?rest_route=\/wp\/v2\/pages\/9\/revisions\/362"}],"wp:featuredmedia":[{"embeddable":true,"href":"https:\/\/meer-menschlichkeit.stadt-media.de\/index.php?rest_route=\/wp\/v2\/media\/53"}],"wp:attachment":[{"href":"https:\/\/meer-menschlichkeit.stadt-media.de\/index.php?rest_route=%2Fwp%2Fv2%2Fmedia&parent=9"}],"curies":[{"name":"wp","href":"https:\/\/api.w.org\/{rel}","templated":true}]}}